t j = -77 + 82. Suppose -j*l = 5*m - 1590, 2*l = -0*m + 2*m + 640. What is the hundreds digit of l?
3
Let g(c) = c + 1. Let a(j) be the first derivative of -2*j**3/3 + 7*j**2 + j + 12. Let y(r) = -a(r) - g(r). What is the units digit of y(8)?
6
Let r be ((-6)/(-5))/((-12)/(-30)). Suppose 154 = r*l - 4*j, l - 5*j = -7*j + 48. What is the tens digit of l?
5
Let v(l) = 37*l**2 - 3*l + 3. Suppose 14 = 2*o + 4*k, -5 = -k - 3. Suppose 4*r - r - o = 0. What is the tens digit of v(r)?
3
Suppose -2*c = 3*g - 55652, 254*g - 27817 = -c + 251*g. What is the tens digit of c?
3
Let o(r) = 15*r - 145. Let u be o(10). Let l(q) = 13*q**2 + 59*q - 19. What is the tens digit of l(u)?
0
Let p(r) = -r**2 - 6*r - 3. Let y be p(-2). Suppose 1 - 11 = -y*m. What is the tens digit of -4 + 98/(3 - m)?
9
What is the thousands digit of (-84033)/45*-10 + -4 + -4?
8
Let g = -1989 + 692. Let f = -378 - g. What is the hundreds digit of f?
9
Suppose 0 = -5*f + 5*i + 25060, -78*f = -80*f + 4*i + 10024. What is the thousands digit of f?
5
Suppose 4*m - 8531 - 3895 = -5*w, -3*w = -m - 7459. What is the units digit of w?
6
Let w(d) = d**3 - 14*d**2 + 15*d - 13. Let i be w(13). Let a = -11 + i. Suppose a*l = -8 + 148. What is the units digit of l?
0
Suppose -4*r - w = -2*w - 895, 0 = -3*r - 2*w + 685. Let g = r + -139. What is the units digit of g?
6
Let v(r) = 3319*r - 86. Let g be v(8). Suppose -40*t - g = -73*t. What is the units digit of t?
2
Let i(c) = -c**3 + 71*c**2 - 258*c - 107. What is the thousands digit of i(37)?
6
Let b(x) = -x**3 - 12*x**2 + x + 15. Let z be b(-12). Let h be z + -1*(4 - -59). Let s = -31 - h. What is the units digit of s?
9
Suppose 5*v - 14 = 3*o + 9, 3*o + 3 = 0. Suppose -3*q - 7*u = -v*u - 777, 0 = 3*u + 6. What is the hundreds digit of q?
2
Let q be (-315)/(-42)*((-1426)/(-6) + 1). Let c = q - 449. What is the hundreds digit of c?
3
Let a(s) = -21*s**2 - 3*s - 6. Let u be a(-4). Let t = -177 - u. What is the hundreds digit of t?
1
Suppose -4*x - 91226 + 432042 = 10*x. What is the thousands digit of x?
4
Let f(h) = 51*h + 54. Let w be f(-2). What is the units digit of w/(-64) - (-2773)/4?
4
Let d = -5786 - -22105. What is the ten thousands digit of d?
1
Let r(b) = 2*b**2 - 2*b - 4. Suppose -13 = -4*n - 77. Let l be (-12)/n - (-18)/8. What is the units digit of r(l)?
8
Let m(o) = 34*o**2 + o. Let q be m(-2). Suppose -2*b + 12 = 2*v - b, -b - 8 = -2*v. Suppose q = u + 4*k, -v*k = 2*u - 0*u - 280. What is the units digit of u?
0
Suppose 40144 = u + 3*u + 9*u. What is the tens digit of u?
8
Let t(w) = -5*w - 9. Let u be -4 + (0/(-2) - 28/(-7)). Suppose 34 = -u*q - 3*q + 5*r, -4*q - 2 = 2*r. What is the units digit of t(q)?
6
Let d = 238 + -233. Suppose u + 2840 = 3*n + 2*n, -1159 = -2*n + d*u. What is the units digit of n?
7
Suppose -5*g + 3*i = -5934, 5*g - 2*i = -2404 + 8335. Suppose -3*j + 15 = 0, 0 = 4*l + l - 4*j - g. What is the units digit of l?
1
Let t = -23520 + 36105. What is the ten thousands digit of t?
1
Suppose q - 2*q = 2*c - 7, -2*q + 10 = 2*c. Suppose -5*b - 4*j + 1174 = 0, -6*b + 11*b + q*j = 1173. What is the units digit of b?
4
Let y(j) = -398*j - 106. Suppose -9 = -8*c - 41. What is the hundreds digit of y(c)?
4
Suppose -w - 4*q - 5 = 0, 5*w + 9 = q + 26. Suppose -103 - 462 = -d - w*l, 0 = 4*l. What is the tens digit of d?
6
Let w = -1986 - -1288. Let k = w - -1364. What is the tens digit of k?
6
What is the units digit of 15/(945/(-18351))*-7?
9
Let i = -1608 + 2728. Let b = -614 + i. What is the hundreds digit of b?
5
Suppose -2329*y = -2395*y + 5279374 - 1066000. What is the thousands digit of y?
3
Let i(g) = g**3 - 12*g**2 + 10*g + 12. Let a be 76/12 - ((-8)/(-6) + -2). Let f be 4 - a*(-4 - -3). What is the units digit of i(f)?
1
Let v(f) = 2*f**3 + 12*f**2 + 64*f - 577. What is the tens digit of v(11)?
4
Let v(b) be the second derivative of b**4/3 + 2*b**3 - 12*b**2 + 5*b + 2. What is the units digit of v(-7)?
8
Suppose 17997 = -102*l + 1168965. What is the hundreds digit of l?
2
Suppose -4*b + 32 = 2*h, b + 8 = 2*b + 2*h. Suppose -6 = b*k + 66. What is the units digit of 3*(-21)/k - 2?
5
Suppose 30663 = 4*w + 5*x - 2123, -5*w = -x - 41026. What is the hundreds digit of w?
2
Let u = 4338 - 2523. What is the thousands digit of u?
1
Let d(j) = 55*j - 20. Let c(s) = 18*s - 7. Let q = 29 + -23. Let u(p) = q*d(p) - 17*c(p). What is the units digit of u(3)?
1
Suppose 60 + 63 = 41*q. Suppose -q*o - 4*v + 1238 = 0, -5*v + v + 1648 = 4*o. What is the units digit of o?
0
Suppose 3*b + b = -5*p - 198, 3*p + 129 = b. Suppose -3*l - 91 = 32. Let h = l - p. What is the units digit of h?
1
Suppose 5*s = -20, -u + 4*s = -0*u - 18. Let h be (-6)/10 + u/(50/65). What is the units digit of -1 + -3 + 7 + 222/h?
4
Let o be 6 - (5/10)/(2/12). Suppose 0 = -l - 4, -o*l + 8 = 3*z - 5*l. Suppose -6*m - 85 = -5*i - m, i + m - 21 = z. What is the tens digit of i?
1
Let v be (0 - -2) + (-987 - 5). What is the tens digit of (56/5)/((-36)/v)?
0
Let r(q) = 10*q**2 - 63*q + 885. What is the hundreds digit of r(-51)?
1
What is the thousands digit of 3/(-7 + (-240)/(-35) + (-27224)/(-190274))?
3
Let u = 6287 + -3372. What is the hundreds digit of u?
9
Let u be (-16)/(-7) - ((-60)/(-14) + -4). Suppose 0 = 4*t - u*l - 63 + 5, 5*l - 11 = -3*t. Suppose -32 = -t*p + 220. What is the units digit of p?
1
Let m = -357 - -361. What is the units digit of (-3852)/(-15) - (80/(-25) + m)?
6
Let w(h) = 40*h**3 - 291*h**2 + 17*h - 26. What is the tens digit of w(14)?
3
Let n(l) = -89 - 246*l - 98 + 15 + 10 - 10. What is the units digit of n(-6)?
4
Suppose 4*d - 95986 = -5*p, 12*p - 6*p + 2*d = 115172. What is the thousands digit of p?
9
Let o be 728 + (-16)/(2 + 2). Suppose -115*d + o = -113*d. What is the units digit of d?
2
Suppose -133*b + 652066 = -54*b. What is the hundreds digit of b?
2
Suppose 2*k - 26 = -4*t, 2*k - t - 13 = 13. Suppose -23968 = -45*c + k*c. What is the hundreds digit of c?
7
Let o be ((-5)/3)/(5/(-465)). Let z = 148 + o. What is the units digit of z?
3
Let k = 14386 + -7191. What is the thousands digit of k?
7
What is the hundreds digit of -10 + -1 + (249 - (-21 + -12))?
2
Let c = 274 + -292. What is the units digit of (-42)/(-189) + 166*(-17)/c?
7
Suppose -2*m = 2*d - 19396, 3*d + 49 - 43 = 0. What is the hundreds digit of m?
7
Let c be 5 - 0 - 0 - 3. What is the units digit of 426 + 6 + -17 + 2/c?
6
Suppose 5*b - 133 = 2*h, 0*b + 5*h + 95 = 3*b. Let z = b - 22. Suppose -i + 5*c + 104 = z*i, 4*i - 3*c = 96. What is the tens digit of i?
2
Suppose -2*r - 2*c = 208, -211 = 2*r - c - 0*c. Let a = r - -107. What is the tens digit of 131 - (a - 6 - -3)?
3
Suppose 18*m - 17*m - 630 = 0. Let f = -495 + m. What is the tens digit of f?
3
Suppose 39 - 6 = u. Let x = u + 227. Suppose x + 401 = 3*y - 4*v, 4*y - 3*v = 879. What is the hundreds digit of y?
2
Let f be 24*20*46/12. Suppose -1840 = -4*a + 2*t, 0 = 4*a - 7*t + 12*t - f. What is the units digit of a?
0
Let m = 126380 + -78622. What is the units digit of m?
8
Let m = -31 + 33. Let h = 446 - 160. Suppose -5*w + 278 = 3*v - 151, h = m*v - w. What is the hundreds digit of v?
1
Suppose 57*d + 4*f = 54*d + 9477, -4*d = 3*f - 12650. What is the thousands digit of d?
3
Suppose 0 = -11*k + 15*k - 2*m - 2, 5*k = 2*m + 4. Suppose 3*c + 3*t = -194 + 629, k*t + 550 = 4*c. What is the units digit of c?
0
Let j(p) = 51*p**2 + p. Let t be j(-6). What is the units digit of ((-6)/(-5))/(3/t)?
2
Suppose -21*k + 23*k = m + 2641, 3*k - 3961 = m. Let q = k + -779. What is the units digit of q?
1
Let o(f) = -18*f + 1. Let c be o(-2). Let t = -30 + c. Suppose 4*x - 4*g - 364 = 0, -4*x + t*x - 5*g = 275. What is the units digit of x?
0
Let q = 10 + 144. Suppose -2*d = 5*l - q, -3*d - 2 = l - 25. Suppose -j = -l - 9. What is the units digit of j?
1
Let r = 107512 - 73286. What is the tens digit of r?
2
Let u(f) = f + 12. Let n = 30 + -36. Let p be u(n). What is the tens digit of 2 - -82 - p/2?
8
Let c = 17 - 12. Suppose c*s + 15 = 0, 5*s = -37*j + 33*j + 3465. What is the units digit of j?
0
Suppose -48768 = -3*v - 3*b - 1404, 0 = -2*v - 4*b + 31566. What is the tens digit of v?
9
Let c = 12271 + -10057. What is the hundreds digit of c?
2
Let f(l) = -288 - 19*l - 23*l + 96*l. What is the hundreds digit of f(15)?
5
Let u = -1